6) to base 14
ca7d92
What is -2a58b9 (base 15) in base 14?
-3b2bb3
126372 (base 9) to base 3
10220102102
What is 81a56 (base 12) in base 10?
169122
18284 (base 9) to base 6
134251
Convert 1236 (base 10) to base 15.
576
Convert 13d3a3 (base 14) to base 5.
134030400
Convert -26223353 (base 7) to base 16.
-248222
What is 342003 (base 6) in base 14?
a799
Convert -2356374 (base 9) to base 8.
-4677116
What is 1b11d7 (base 14) in base 9?
1727637
Convert -2233300110 (base 5) to base 14.
-9382a7
What is -11752046 (base 8) in base 5?
-1132011324
Convert -d236b (base 14) to base 8.
-1733353
Convert 49a655 (base 14) to base 3.
11202022122121
Convert 129472a (base 12) to base 11.
2092562
Convert 1011111111011 (base 2) to base 14.
2347
-402020043 (base 6) to base 3
-110211012121000
-20020021200 (base 4) to base 2
-1000001000001001100000
What is -36166 (base 16) in base 5?
-24042132
-2b660 (base 13) to base 12
-3b811
-e6d6 (base 16) to base 14
-17770
Convert 1100000000101001011 (base 2) to base 10.
393547
What is 1541115 (base 7) in base 9?
352343
Convert -326d1 (base 16) to base 9.
-344284
1020211 (base 5) to base 11
117a2
2120010211100 (base 3) to base 4
11030100111
What is -c3159 (base 13) in base 3?
-122202111220
2003502 (base 7) to base 10
236574
14d84 (base 15) to base 2
10000011001100110
3474464 (base 8) to base 16
e7934
What is 2404125 (base 7) in base 11?
198413
Convert -78228 (base 11) to base 13.
-3c808
110010100000010010001 (base 2) to base 8
6240221
What is 551692 (base 15) in base 16?
3ddf4e
Convert -4411823 (base 10) to base 14.
-82bb43
What is -62746633 (base 8) in base 10?
-13356443
What is 101454425 (base 6) in base 16?
1aee11
Convert -6983735 (base 10) to base 5.
-3241434420
Convert -48b371 (base 12) to base 3.
-2012222200011
Convert 1170188 (base 9) to base 6.
21351042
Convert 288b4a (base 13) to base 16.
f1d6b
Convert 586a5 (base 11) to base 13.
2c71c
-8f500d (base 16) to base 15
-c57ccb
Convert 1110110011101100101 (base 2) to base 13.
13cb19
What is -101002020 (base 3) in base 10?
-7350
What is 7055 (base 9) in base 13?
2465
Convert 24857 (base 15) to base 2.
11100011110011000
What is 10000111101101111011 (base 2) in base 8?
2075573
Convert -877956 (base 11) to base 13.
-3a0b11
Convert 2745744 (base 8) to base 16.
bcbe4
What is 604463 (base 8) in base 5?
22331323
212212101012 (base 3) to base 7
3664352
What is 6a634 (base 12) in base 10?
142600
20201012 (base 5) to base 12
7a148
-56b29b (base 12) to base 14
-281b83
16782182 (base 9) to base 16
80c513
277454 (base 9) to base 6
3344421
What is 1111001000111 (base 2) in base 16?
1e47
33657 (base 16) to base 14
56a11
Convert -1213323201 (base 4) to base 5.
-102110242
-2b454 (base 13) to base 10
-82034
Convert 120412102 (base 7) to base 14.
dcaaa9
Convert 3234a2 (base 13) to base 15.
184250
What is 9b998 (base 15) in base 12?
1ba4b2
Convert -12031221420 (base 5) to base 3.
-222012200211111
What is -2101100102022 (base 3) in base 15?
-1a0438
What is -24560044 (base 8) in base 4?
-110232000210
What is 14214243 (base 7) in base 5?
320103110
d3221b (base 14) to base 11
4019001
What is -1366433 (base 7) in base 12?
-8ab02
-71e3ab (base 15) to base 11
-3068964
Convert 42020342 (base 5) to base 11.
216305
-320670 (base 8) to base 3
-12102200121
204333003 (base 5) to base 7
10161546
Convert 212121210 (base 4) to base 2.
100110011001100100
Convert -46442142 (base 8) to base 9.
-21018338
Convert -200110100011020 (base 3) to base 11.
-559a55a
Convert -571181 (base 9) to base 13.
-bc8cc
What is -77ed3 (base 16) in base 7?
-4114061
What is -10100110111101011001 (base 2) in base 3?
-1021202002100
What is 165718 (base 10) in base 12?
7ba9a
-31b7e (base 15) to base 2
-100110100010010100
Convert -19a4aa (base 11) to base 9.
-516675
132608 (base 9) to base 12
3a838
What is 20aa2 (base 15) in base 4?
121103210
-130655 (base 8) to base 10
-45485
-10220033303 (base 4) to base 13
-336407
Convert -47113520 (base 8) to base 4.
-213021131100
Convert -2100212200021 (base 3) to base 7.
-13454365
-563440 (base 7) to base 10
-99694
503652 (base 7) to base 14
23199
What is 101011100101101000 (base 2) in base 4?
223211220
Convert -2755a1 (base 12) to base 5.
-131333142
What is 12151145 (base 7) in base 11?
683542
311012032101 (base 4) to base 7
226211346
-3134a (base 12) to base 15
-14151
-1ff3fe (base 16) to base 6
-112514450
Convert -13289ca (base 13) to base 5.
-3020021243
6b1392 (base 12) to base 11
a7786a
Convert 3770033 (base 8) to base 6.
34215403
Convert 2db2d1 (base 16) to base 2.
1011011011001011010001
13463310 (base 7) to base 6
42554043
What is -12311332201 (base 4) in base 16?
-1b5fa1
-10105115 (base 7) to base 15
-1197bb
What is 1202021100202 (base 3) in base 15?
135a62
-3356313 (base 8) to base 7
-10502443
What is 4764564 (base 8) in base 4?
10332211310
36254344 (base 7) to base 5
1311124233
Convert -3520304 (base 6) to base 10.
-181552
Convert -10101120011011 (base 3) to base 12.
-72ab34
What is 1444145310 (base 6) in base 8?
105070112
What is -989a1 (base 11) in base 9?
-238004
What is -798aa5 (base 12) in base 2?
-111011010100100011101
What is -1333000 (base 6) in base 13?
-27bc4
-3312211223 (base 4) to base 9
-1808442
What is -1222203553 (base 6) in base 9?
-28480456
Convert -4743140 (base 8) to base 3.
-2102211201211
-101010101110101011 (base 2) to base 10
-175019
-25d52 (base 15) to base 14
-321dd
22210313011 (base 4) to base 3
12012212001021
What is -20002120121 (base 3) in base 15?
-25837
What is 2121003231 (base 4) in base 3?
1011211222110
-92424 (base 12) to base 8
-564334
What is -49a502 (base 12) in base 3?
-2020222000202
What is 493756 (base 12) in base 7?
13046112
2113022213 (base 4) to base 16
972a7
What is -7ab66b (base 13) in base 15?
-3c7306
What is 110134204 (base 6) in base 8?
7413674
55200032 (base 6) to base 2
110010010011110010100
What is -542431 (base 7) in base 15?
-1d02d
24606651 (base 7) to base 3
11011211112000
Convert -1532242 (base 6) to base 14.
-24ad4
What is 803405 (base 10) in base 7?
6554201
Convert 74300 (base 10) to base 12.
36bb8
2ba99 (base 12) to base 16
f255
-254599 (base 11) to base 16
-61fc0
What is -333a33 (base 11) in base 8?
-2017533
22079a (base 11) to base 2
1010110000001010100
34b99 (base 12) to base 15
15eb6
-5423409 (base 10) to base 8
-24540461
Convert 3000241323 (base 5) to base 12.
1b70042
What is 98445 (base 11) in base 14?
3a14a
Convert 4532838 (base 9) to base 8.
11243121
What is d74d (base 16) in base 15?
114e7
Convert 1141390 (base 10) to base 4.
10112222032
11036055 (base 7) to base 15
13b963
What is -1d0b (base 14) in base 15?
-1888
-6457128 (base 9) to base 7
-41301536
133200322 (base 4) to base 9
216054
-32052573 (base 8) to base 14
-c9dbbd
What is d0f10 (base 16) in base 2?
11010000111100010000
What is -136969 (base 12) in base 3?
-121101210000
502771 (base 8) to base 14
443a1
-20213115 (base 6) to base 5
-121434130
Convert -aa515 (base 11) to base 15.
-32796
What is -14115361 (base 7) in base 10?
-1315252
What is -100011001111000011 (base 2) in base 13?
-508ca
-1111011100101 (base 2) to base 5
-223114
What is -4a376 (base 14) in base 9?
-306335
What is 223cd (base 15) in base 16?
1a944
What is -25ced (base 16) in base 2?
-100101110011101101
Convert 5277561 (base 9) to base 13.
77c878
What is 1111010011100100110101 (base 2) in base 8?
17234465
Convert 101000110011010001001 (base 2) to base 16.
146689
What is -950141 (base 11) in base 12?
-615326
Convert -10110100010111010010 (base 2) to base 6.
-23500122
10796 (base 16) to base 5
4124403
Convert 184f62 (base 16) to base 2.
110000100111101100010
Convert -627e (base 15) to base 6.
-240215
100010110010111001 (base 2) to base 12
6a589
6b836 (base 12) to base 16
234ea
132122221 (base 5) to base 8
2412710
-203123012103 (base 4) to base 14
-133a1a3
Convert -b00c (base 15) to base 14.
-d769
Convert -10386033 (base 9) to base 3.
-100102220001010
Convert -61179 (base 12) to base 9.
-212323
What is 1010110100000101 (base 2) in base 8?
126405
Convert -56430 (base 7) to base 8.
-33710
Convert 20340014 (base 5) to base 11.
10535a
What is 275508 (base 10) in base 11?
178aa2
What is -10ac5 (base 13) in base 11?
-20938
Convert 125c25 (base 13) to base 8.
1536163
What is -112011001000 (base 3) in base 15?
-